
{"id":8,"date":"2022-04-07T12:52:30","date_gmt":"2022-04-07T12:52:30","guid":{"rendered":"https:\/\/mimarsinan.msgsu.edu.tr\/?page_id=8"},"modified":"2022-04-08T19:11:22","modified_gmt":"2022-04-08T19:11:22","slug":"anasayfa","status":"publish","type":"page","link":"https:\/\/mimarsinan.msgsu.edu.tr\/","title":{"rendered":"Anasayfa"},"content":{"rendered":"\n\n\t<section class=\"section\" id=\"section_1929857837\">\n\t\t<div class=\"section-bg fill\" >\n\t\t\t\t\t\t\t\t\t\n\t\t\t\n\n\t\t<\/div>\n\n\t\t\n\n\t\t<div class=\"section-content relative\">\n\t\t\t\n\n<div class=\"row row-collapse row-full-width align-center\"  id=\"row-270732049\">\n\n\n\t<div id=\"col-1467137571\" class=\"col small-12 large-12\"  >\n\t\t\t\t<div class=\"col-inner text-center\"  >\n\t\t\t\n\t\t\t\n\n<div class=\"slider-wrapper relative\" id=\"slider-2064104567\" >\n    <div class=\"slider slider-nav-circle slider-nav-large slider-nav-light slider-style-normal\"\n        data-flickity-options='{\n            \"cellAlign\": \"center\",\n            \"imagesLoaded\": true,\n            \"lazyLoad\": 1,\n            \"freeScroll\": false,\n            \"wrapAround\": true,\n            \"autoPlay\": 6000,\n            \"pauseAutoPlayOnHover\" : true,\n            \"prevNextButtons\": false,\n            \"contain\" : true,\n            \"adaptiveHeight\" : true,\n            \"dragThreshold\" : 10,\n            \"percentPosition\": true,\n            \"pageDots\": false,\n            \"rightToLeft\": false,\n            \"draggable\": true,\n            \"selectedAttraction\": 0.1,\n            \"parallax\" : 0,\n            \"friction\": 0.6        }'\n        >\n        \n\n\n  <div class=\"banner has-hover\" id=\"banner-58783330\">\n          <div class=\"banner-inner fill\">\n        <div class=\"banner-bg fill\" >\n            <img loading=\"lazy\" decoding=\"async\" width=\"1920\" height=\"965\" src=\"https:\/\/mimarsinan.msgsu.edu.tr\/wp-content\/uploads\/2022\/04\/Homepage_Banner_IMG.jpg\" class=\"bg attachment-original size-original\" alt=\"\" \/>                        <div class=\"overlay\"><\/div>            \n                    <\/div>\n\t\t\n        <div class=\"banner-layers container\">\n            <div class=\"fill banner-link\"><\/div>            \n\n   <div id=\"text-box-1199198252\" class=\"text-box banner-layer x10 md-x10 lg-x10 y95 md-y95 lg-y95 res-text\">\n                                <div class=\"text-box-content text dark\">\n              \n              <div class=\"text-inner text-left\">\n                  \n\n\t<div class=\"img has-hover x md-x lg-x y md-y lg-y\" id=\"image_553140655\">\n\t\t\t\t\t\t\t\t<div class=\"img-inner dark\" >\n\t\t\t<img loading=\"lazy\" decoding=\"async\" width=\"651\" height=\"404\" src=\"https:\/\/mimarsinan.msgsu.edu.tr\/wp-content\/uploads\/2022\/04\/MimarSinan_Imza_BEYAZ.png\" class=\"attachment-large size-large\" alt=\"\" srcset=\"https:\/\/mimarsinan.msgsu.edu.tr\/wp-content\/uploads\/2022\/04\/MimarSinan_Imza_BEYAZ.png 651w, https:\/\/mimarsinan.msgsu.edu.tr\/wp-content\/uploads\/2022\/04\/MimarSinan_Imza_BEYAZ-300x186.png 300w\" sizes=\"auto, (max-width: 651px) 100vw, 651px\" \/>\t\t\t\t\t\t\n\t\t\t\t\t<\/div>\n\t\t\t\t\t\t\t\t\n<style>\n#image_553140655 {\n  width: 27%;\n}\n<\/style>\n\t<\/div>\n\t\n\n\t<div id=\"text-3629824897\" class=\"text\">\n\t\t\n\n<p><strong>Mimar Sinan G\u00fczel Sanatlar \u00dcniversitesi<\/strong><\/p>\n<p>Mimar Sinan Uygulama ve Ara\u015ft\u0131rma Merkezi<\/p>\n\t\t\n<style>\n#text-3629824897 {\n  font-size: 1.3rem;\n  line-height: 0.85;\n  text-align: left;\n  color: rgb(255, 255, 255);\n}\n#text-3629824897 > * {\n  color: rgb(255, 255, 255);\n}\n<\/style>\n\t<\/div>\n\t\n\t<div id=\"text-3811074291\" class=\"text\">\n\t\t\n\n<p><em>#MimarSinan&nbsp; &nbsp; &nbsp; &nbsp; &nbsp;<strong> @MimarSinanMerkezi<\/strong><\/em><\/p>\n\t\t\n<style>\n#text-3811074291 {\n  font-size: 0.95rem;\n  line-height: 0.85;\n  text-align: left;\n  color: rgb(255, 255, 255);\n}\n#text-3811074291 > * {\n  color: rgb(255, 255, 255);\n}\n<\/style>\n\t<\/div>\n\t\n\t<div class=\"img has-hover x md-x lg-x y md-y lg-y\" id=\"image_477889259\">\n\t\t\t\t\t\t\t\t<div class=\"img-inner dark\" >\n\t\t\t<img loading=\"lazy\" decoding=\"async\" width=\"1020\" height=\"220\" src=\"https:\/\/mimarsinan.msgsu.edu.tr\/wp-content\/uploads\/2022\/04\/MSGSU_Logo_Beyaz-1024x221.png\" class=\"attachment-large size-large\" alt=\"\" srcset=\"https:\/\/mimarsinan.msgsu.edu.tr\/wp-content\/uploads\/2022\/04\/MSGSU_Logo_Beyaz-1024x221.png 1024w, https:\/\/mimarsinan.msgsu.edu.tr\/wp-content\/uploads\/2022\/04\/MSGSU_Logo_Beyaz-300x65.png 300w, https:\/\/mimarsinan.msgsu.edu.tr\/wp-content\/uploads\/2022\/04\/MSGSU_Logo_Beyaz-768x166.png 768w, https:\/\/mimarsinan.msgsu.edu.tr\/wp-content\/uploads\/2022\/04\/MSGSU_Logo_Beyaz-1536x332.png 1536w, https:\/\/mimarsinan.msgsu.edu.tr\/wp-content\/uploads\/2022\/04\/MSGSU_Logo_Beyaz-2048x443.png 2048w\" sizes=\"auto, (max-width: 1020px) 100vw, 1020px\" \/>\t\t\t\t\t\t\n\t\t\t\t\t<\/div>\n\t\t\t\t\t\t\t\t\n<style>\n#image_477889259 {\n  width: 12%;\n}\n<\/style>\n\t<\/div>\n\t\n\n<div class=\"social-icons follow-icons full-width text-center\" ><a href=\"#\" target=\"_blank\" data-label=\"Facebook\" class=\"icon button circle is-outline tooltip facebook\" title=\"Follow on Facebook\" aria-label=\"Follow on Facebook\" rel=\"noopener nofollow\"><i class=\"icon-facebook\" aria-hidden=\"true\"><\/i><\/a><a href=\"#\" target=\"_blank\" data-label=\"Instagram\" class=\"icon button circle is-outline tooltip instagram\" title=\"Follow on Instagram\" aria-label=\"Follow on Instagram\" rel=\"noopener nofollow\"><i class=\"icon-instagram\" aria-hidden=\"true\"><\/i><\/a><a href=\"#\" data-label=\"Twitter\" target=\"_blank\" class=\"icon button circle is-outline tooltip twitter\" title=\"Follow on Twitter\" aria-label=\"Follow on Twitter\" rel=\"noopener nofollow\"><i class=\"icon-twitter\" aria-hidden=\"true\"><\/i><\/a><a href=\"#\" data-label=\"YouTube\" target=\"_blank\" class=\"icon button circle is-outline tooltip youtube\" title=\"Follow on YouTube\" aria-label=\"Follow on YouTube\" rel=\"noopener nofollow\"><i class=\"icon-youtube\" aria-hidden=\"true\"><\/i><\/a><\/div>\n\n\n              <\/div>\n           <\/div>\n                            \n<style>\n#text-box-1199198252 {\n  width: 88%;\n}\n#text-box-1199198252 .text-box-content {\n  font-size: 100%;\n}\n<\/style>\n    <\/div>\n \n\n        <\/div>\n      <\/div>\n\n            \n<style>\n#banner-58783330 {\n  padding-top: 600px;\n  background-color: rgba(56, 56, 56, 0.529);\n}\n#banner-58783330 .overlay {\n  background-color: rgba(31, 31, 31, 0.448);\n}\n<\/style>\n  <\/div>\n\n\n\n     <\/div>\n\n     <div class=\"loading-spin dark large centered\"><\/div>\n\n\t<\/div>\n\n\n\n\t\t<\/div>\n\t\t\t\t\t<\/div>\n\n\t\n\n<\/div>\n\n\t\t<\/div>\n\n\t\t\n<style>\n#section_1929857837 {\n  padding-top: 0px;\n  padding-bottom: 0px;\n  min-height: 300px;\n  background-color: rgb(245, 245, 245);\n}\n<\/style>\n\t<\/section>\n\t\n\n\t<section class=\"section\" id=\"section_331279911\">\n\t\t<div class=\"section-bg fill\" >\n\t\t\t\t\t\t\t\t\t\n\t\t\t\n\n\t\t<\/div>\n\n\t\t\n\n\t\t<div class=\"section-content relative\">\n\t\t\t\n\n<div class=\"slider-wrapper relative\" id=\"slider-897719054\" style=\"background-color:rgb(6, 3, 141);\">\n    <div class=\"slider slider-type-fade slider-nav-circle slider-nav-large slider-nav-light slider-style-normal\"\n        data-flickity-options='{\n            \"cellAlign\": \"center\",\n            \"imagesLoaded\": true,\n            \"lazyLoad\": 1,\n            \"freeScroll\": false,\n            \"wrapAround\": true,\n            \"autoPlay\": 3000,\n            \"pauseAutoPlayOnHover\" : true,\n            \"prevNextButtons\": false,\n            \"contain\" : true,\n            \"adaptiveHeight\" : true,\n            \"dragThreshold\" : 10,\n            \"percentPosition\": true,\n            \"pageDots\": false,\n            \"rightToLeft\": false,\n            \"draggable\": true,\n            \"selectedAttraction\": 0.1,\n            \"parallax\" : 0,\n            \"friction\": 0.6        }'\n        >\n        \n\n\n  <div class=\"banner has-hover\" id=\"banner-1469690344\">\n          <div class=\"banner-inner fill\">\n        <div class=\"banner-bg fill\" >\n                                                \n                    <\/div>\n\t\t\n        <div class=\"banner-layers container\">\n            <div class=\"fill banner-link\"><\/div>            \n\n   <div id=\"text-box-221800852\" class=\"text-box banner-layer x50 md-x50 lg-x50 y50 md-y50 lg-y50 res-text\">\n                                <div class=\"text-box-content text dark\">\n              \n              <div class=\"text-inner text-center\">\n                  \n\n<p><strong>&#8220;Bibliyografya&#8221; sayfas\u0131 yay\u0131na ba\u015flam\u0131\u015ft\u0131r.<\/strong><\/p>\n\n              <\/div>\n           <\/div>\n                            \n<style>\n#text-box-221800852 {\n  width: 60%;\n}\n#text-box-221800852 .text-box-content {\n  font-size: 100%;\n}\n<\/style>\n    <\/div>\n \n\n        <\/div>\n      <\/div>\n\n            \n<style>\n#banner-1469690344 {\n  padding-top: 58px;\n  background-color: rgb(6, 3, 141);\n}\n<\/style>\n  <\/div>\n\n\n\n  <div class=\"banner has-hover\" id=\"banner-1512381525\">\n          <div class=\"banner-inner fill\">\n        <div class=\"banner-bg fill\" >\n                                                \n                    <\/div>\n\t\t\n        <div class=\"banner-layers container\">\n            <div class=\"fill banner-link\"><\/div>            \n\n   <div id=\"text-box-1952487615\" class=\"text-box banner-layer x50 md-x50 lg-x50 y50 md-y50 lg-y50 res-text\">\n                                <div class=\"text-box-content text dark\">\n              \n              <div class=\"text-inner text-center\">\n                  \n\n<p><strong>&#8220;Mimar Sinan Yap\u0131 Listesi&#8221; y\u00fcklenmi\u015ftir.<\/strong><\/p>\n\n              <\/div>\n           <\/div>\n                            \n<style>\n#text-box-1952487615 {\n  width: 60%;\n}\n#text-box-1952487615 .text-box-content {\n  font-size: 100%;\n}\n<\/style>\n    <\/div>\n \n\n        <\/div>\n      <\/div>\n\n            \n<style>\n#banner-1512381525 {\n  padding-top: 58px;\n  background-color: rgb(6, 3, 141);\n}\n<\/style>\n  <\/div>\n\n\n\n  <div class=\"banner has-hover\" id=\"banner-664323292\">\n          <div class=\"banner-inner fill\">\n        <div class=\"banner-bg fill\" >\n                                                \n                    <\/div>\n\t\t\n        <div class=\"banner-layers container\">\n            <div class=\"fill banner-link\"><\/div>            \n\n   <div id=\"text-box-1507652258\" class=\"text-box banner-layer x50 md-x50 lg-x50 y50 md-y50 lg-y50 res-text\">\n                                <div class=\"text-box-content text dark\">\n              \n              <div class=\"text-inner text-center\">\n                  \n\n<p><strong>Yap\u0131lar\u0131n bilgilendirme sayfalar\u0131n\u0131n haz\u0131rl\u0131\u011f\u0131 devam etmektedir.<\/strong><\/p>\n\n              <\/div>\n           <\/div>\n                            \n<style>\n#text-box-1507652258 {\n  width: 60%;\n}\n#text-box-1507652258 .text-box-content {\n  font-size: 100%;\n}\n<\/style>\n    <\/div>\n \n\n        <\/div>\n      <\/div>\n\n            \n<style>\n#banner-664323292 {\n  padding-top: 58px;\n  background-color: rgb(6, 3, 141);\n}\n<\/style>\n  <\/div>\n\n\n\n     <\/div>\n\n     <div class=\"loading-spin dark large centered\"><\/div>\n\n\t<\/div>\n\n\n\n\t\t<\/div>\n\n\t\t\n<style>\n#section_331279911 {\n  padding-top: 0px;\n  padding-bottom: 0px;\n}\n<\/style>\n\t<\/section>\n\t\n\n\t<section class=\"section\" id=\"section_282684656\">\n\t\t<div class=\"section-bg fill\" >\n\t\t\t\t\t\t\t\t\t\n\t\t\t\n\n\t\t<\/div>\n\n\t\t\n\n\t\t<div class=\"section-content relative\">\n\t\t\t\n\n\t<div id=\"gap-1042829663\" class=\"gap-element clearfix\" style=\"display:block; height:auto;\">\n\t\t\n<style>\n#gap-1042829663 {\n  padding-top: 50px;\n}\n<\/style>\n\t<\/div>\n\t\n\n<div class=\"row\"  id=\"row-126194509\">\n\n\n\t<div id=\"col-1292018926\" class=\"col medium-4 small-12 large-4\"  >\n\t\t\t\t<div class=\"col-inner text-center\"  >\n\t\t\t\n\t\t\t\n\n\t<div class=\"img has-hover x md-x lg-x y md-y lg-y\" id=\"image_1948921283\">\n\t\t<a class=\"\" href=\"https:\/\/mimarsinan.msgsu.edu.tr\/?page_id=62\" >\t\t\t\t\t\t<div class=\"img-inner dark\" >\n\t\t\t<img loading=\"lazy\" decoding=\"async\" width=\"398\" height=\"400\" src=\"https:\/\/mimarsinan.msgsu.edu.tr\/wp-content\/uploads\/2022\/04\/IkonGorselleri-02-MimarSinan-1.png\" class=\"attachment-large size-large\" alt=\"\" srcset=\"https:\/\/mimarsinan.msgsu.edu.tr\/wp-content\/uploads\/2022\/04\/IkonGorselleri-02-MimarSinan-1.png 398w, https:\/\/mimarsinan.msgsu.edu.tr\/wp-content\/uploads\/2022\/04\/IkonGorselleri-02-MimarSinan-1-150x150.png 150w\" sizes=\"auto, (max-width: 398px) 100vw, 398px\" \/>\t\t\t\t\t\t\n\t\t\t\t\t<\/div>\n\t\t\t\t\t\t<\/a>\t\t\n<style>\n#image_1948921283 {\n  width: 70%;\n}\n<\/style>\n\t<\/div>\n\t\n\n\t<div id=\"text-3680287342\" class=\"text\">\n\t\t\n\n<h5 data-line-height=\"xs\"><strong>M\u0130MAR S\u0130NAN<\/strong><\/h5>\n<p><span data-text-color=\"primary\" data-line-height=\"xs\">Hayat\u0131, Eserleri<\/span><\/p>\n<p data-line-height=\"xs\">&nbsp;<\/p>\n\t\t\n<style>\n#text-3680287342 {\n  font-size: 0.9rem;\n  line-height: 0.75;\n  text-align: center;\n  color: rgb(6, 3, 141);\n}\n#text-3680287342 > * {\n  color: rgb(6, 3, 141);\n}\n<\/style>\n\t<\/div>\n\t\n\n\t\t<\/div>\n\t\t\t\t\t<\/div>\n\n\t\n\n\t<div id=\"col-746613305\" class=\"col medium-4 small-12 large-4\"  >\n\t\t\t\t<div class=\"col-inner text-center\"  >\n\t\t\t\n\t\t\t\n\n\t<div class=\"img has-hover x md-x lg-x y md-y lg-y\" id=\"image_982765884\">\n\t\t<a class=\"\" href=\"https:\/\/mimarsinan.msgsu.edu.tr\/?page_id=67\" >\t\t\t\t\t\t<div class=\"img-inner dark\" >\n\t\t\t<img loading=\"lazy\" decoding=\"async\" width=\"398\" height=\"400\" src=\"https:\/\/mimarsinan.msgsu.edu.tr\/wp-content\/uploads\/2022\/04\/IkonGorselleri-04-SehzadeMehmedCamii-1.png\" class=\"attachment-large size-large\" alt=\"\" srcset=\"https:\/\/mimarsinan.msgsu.edu.tr\/wp-content\/uploads\/2022\/04\/IkonGorselleri-04-SehzadeMehmedCamii-1.png 398w, https:\/\/mimarsinan.msgsu.edu.tr\/wp-content\/uploads\/2022\/04\/IkonGorselleri-04-SehzadeMehmedCamii-1-150x150.png 150w\" sizes=\"auto, (max-width: 398px) 100vw, 398px\" \/>\t\t\t\t\t\t\n\t\t\t\t\t<\/div>\n\t\t\t\t\t\t<\/a>\t\t\n<style>\n#image_982765884 {\n  width: 70%;\n}\n<\/style>\n\t<\/div>\n\t\n\n\t<div id=\"text-689224916\" class=\"text\">\n\t\t\n\n<h5 data-line-height=\"xs\"><a href=\"https:\/\/mimarsinan.msgsu.edu.tr\/?page_id=67\"><strong>ESERLER\u0130<\/strong><\/a><\/h5>\n<p><span data-text-color=\"primary\" data-line-height=\"xs\">Yap\u0131 Listesi<\/span><\/p>\n<p data-line-height=\"xs\">\u00a0<\/p>\n\t\t\n<style>\n#text-689224916 {\n  font-size: 0.9rem;\n  line-height: 0.75;\n  text-align: center;\n  color: rgb(6, 3, 141);\n}\n#text-689224916 > * {\n  color: rgb(6, 3, 141);\n}\n<\/style>\n\t<\/div>\n\t\n\n\t\t<\/div>\n\t\t\t\t\t<\/div>\n\n\t\n\n\t<div id=\"col-1070283760\" class=\"col medium-4 small-12 large-4\"  >\n\t\t\t\t<div class=\"col-inner text-center\"  >\n\t\t\t\n\t\t\t\n\n\t<div class=\"img has-hover x md-x lg-x y md-y lg-y\" id=\"image_836813315\">\n\t\t<a class=\"\" href=\"https:\/\/mimarsinan.msgsu.edu.tr\/?page_id=71\" >\t\t\t\t\t\t<div class=\"img-inner dark\" >\n\t\t\t<img loading=\"lazy\" decoding=\"async\" width=\"398\" height=\"400\" src=\"https:\/\/mimarsinan.msgsu.edu.tr\/wp-content\/uploads\/2022\/04\/IkonGorselleri-01-MimarSinan.png\" class=\"attachment-large size-large\" alt=\"\" srcset=\"https:\/\/mimarsinan.msgsu.edu.tr\/wp-content\/uploads\/2022\/04\/IkonGorselleri-01-MimarSinan.png 398w, https:\/\/mimarsinan.msgsu.edu.tr\/wp-content\/uploads\/2022\/04\/IkonGorselleri-01-MimarSinan-150x150.png 150w\" sizes=\"auto, (max-width: 398px) 100vw, 398px\" \/>\t\t\t\t\t\t\n\t\t\t\t\t<\/div>\n\t\t\t\t\t\t<\/a>\t\t\n<style>\n#image_836813315 {\n  width: 70%;\n}\n<\/style>\n\t<\/div>\n\t\n\n\t<div id=\"text-1096677267\" class=\"text\">\n\t\t\n\n<h5 data-line-height=\"xs\"><a href=\"https:\/\/mimarsinan.msgsu.edu.tr\/?page_id=71\"><strong>B\u0130BL\u0130YOGRAFYA<\/strong><\/a><\/h5>\n<p><span data-text-color=\"primary\" data-line-height=\"xs\">Hakk\u0131nda yaz\u0131lm\u0131\u015f her \u015fey<\/span><\/p>\n<p data-line-height=\"xs\">&nbsp;<\/p>\n\t\t\n<style>\n#text-1096677267 {\n  font-size: 0.9rem;\n  line-height: 0.75;\n  text-align: center;\n  color: rgb(6, 3, 141);\n}\n#text-1096677267 > * {\n  color: rgb(6, 3, 141);\n}\n<\/style>\n\t<\/div>\n\t\n\n\t\t<\/div>\n\t\t\t\t\t<\/div>\n\n\t\n\n<\/div>\n<div class=\"row\"  id=\"row-530395311\">\n\n\n\t<div id=\"col-707998158\" class=\"col medium-4 small-12 large-4\"  >\n\t\t\t\t<div class=\"col-inner text-center\"  >\n\t\t\t\n\t\t\t\n\n\t<div class=\"img has-hover x md-x lg-x y md-y lg-y\" id=\"image_907054989\">\n\t\t<a class=\"\" href=\"https:\/\/mimarsinan.msgsu.edu.tr\/?page_id=85\" >\t\t\t\t\t\t<div class=\"img-inner dark\" >\n\t\t\t<img loading=\"lazy\" decoding=\"async\" width=\"398\" height=\"400\" src=\"https:\/\/mimarsinan.msgsu.edu.tr\/wp-content\/uploads\/2022\/04\/IkonGorselleri-05-BuyukcekmeceKopru-1.png\" class=\"attachment-large size-large\" alt=\"\" srcset=\"https:\/\/mimarsinan.msgsu.edu.tr\/wp-content\/uploads\/2022\/04\/IkonGorselleri-05-BuyukcekmeceKopru-1.png 398w, https:\/\/mimarsinan.msgsu.edu.tr\/wp-content\/uploads\/2022\/04\/IkonGorselleri-05-BuyukcekmeceKopru-1-150x150.png 150w\" sizes=\"auto, (max-width: 398px) 100vw, 398px\" \/>\t\t\t\t\t\t\n\t\t\t\t\t<\/div>\n\t\t\t\t\t\t<\/a>\t\t\n<style>\n#image_907054989 {\n  width: 70%;\n}\n<\/style>\n\t<\/div>\n\t\n\n\t<div id=\"text-3210346569\" class=\"text\">\n\t\t\n\n<h5 data-line-height=\"xs\"><a href=\"https:\/\/mimarsinan.msgsu.edu.tr\/?page_id=85\">MEKANLAR<\/a><\/h5>\n<p><span data-text-color=\"primary\" data-line-height=\"xs\">\u015eehirleriyle Mimar Sinan Eserleri<\/span><\/p>\n<p data-line-height=\"xs\">\u00a0<\/p>\n\t\t\n<style>\n#text-3210346569 {\n  font-size: 0.9rem;\n  line-height: 0.75;\n  text-align: center;\n  color: rgb(6, 3, 141);\n}\n#text-3210346569 > * {\n  color: rgb(6, 3, 141);\n}\n<\/style>\n\t<\/div>\n\t\n\n\t\t<\/div>\n\t\t\t\t\t<\/div>\n\n\t\n\n\t<div id=\"col-1347460056\" class=\"col medium-4 small-12 large-4\"  >\n\t\t\t\t<div class=\"col-inner text-center\"  >\n\t\t\t\n\t\t\t\n\n\t<div class=\"img has-hover x md-x lg-x y md-y lg-y\" id=\"image_132653127\">\n\t\t\t\t\t\t\t\t<div class=\"img-inner dark\" >\n\t\t\t<img loading=\"lazy\" decoding=\"async\" width=\"398\" height=\"400\" src=\"https:\/\/mimarsinan.msgsu.edu.tr\/wp-content\/uploads\/2022\/04\/IkonGorselleri-03-Maglova-1.png\" class=\"attachment-large size-large\" alt=\"\" srcset=\"https:\/\/mimarsinan.msgsu.edu.tr\/wp-content\/uploads\/2022\/04\/IkonGorselleri-03-Maglova-1.png 398w, https:\/\/mimarsinan.msgsu.edu.tr\/wp-content\/uploads\/2022\/04\/IkonGorselleri-03-Maglova-1-150x150.png 150w\" sizes=\"auto, (max-width: 398px) 100vw, 398px\" \/>\t\t\t\t\t\t\n\t\t\t\t\t<\/div>\n\t\t\t\t\t\t\t\t\n<style>\n#image_132653127 {\n  width: 70%;\n}\n<\/style>\n\t<\/div>\n\t\n\n\t<div id=\"text-2759976939\" class=\"text\">\n\t\t\n\n<h5 data-line-height=\"xs\"><strong>OKUMA KILAVUZU<\/strong><\/h5>\n<p><span data-text-color=\"primary\" data-line-height=\"xs\">Mimar Sinan i\u00e7in yol haritas\u0131<\/span><\/p>\n<p data-line-height=\"xs\">&nbsp;<\/p>\n\t\t\n<style>\n#text-2759976939 {\n  font-size: 0.9rem;\n  line-height: 0.75;\n  text-align: center;\n  color: rgb(6, 3, 141);\n}\n#text-2759976939 > * {\n  color: rgb(6, 3, 141);\n}\n<\/style>\n\t<\/div>\n\t\n\n\t\t<\/div>\n\t\t\t\t\t<\/div>\n\n\t\n\n\t<div id=\"col-1752902548\" class=\"col medium-4 small-12 large-4\"  >\n\t\t\t\t<div class=\"col-inner text-center\"  >\n\t\t\t\n\t\t\t\n\n\t<div class=\"img has-hover x md-x lg-x y md-y lg-y\" id=\"image_48981500\">\n\t\t<a class=\"\" href=\"https:\/\/mimarsinan.msgsu.edu.tr\/?page_id=54\" >\t\t\t\t\t\t<div class=\"img-inner dark\" >\n\t\t\t<img loading=\"lazy\" decoding=\"async\" width=\"398\" height=\"400\" src=\"https:\/\/mimarsinan.msgsu.edu.tr\/wp-content\/uploads\/2022\/04\/IkonGorselleri-06-SuleymaniyeCamii-1.png\" class=\"attachment-large size-large\" alt=\"\" srcset=\"https:\/\/mimarsinan.msgsu.edu.tr\/wp-content\/uploads\/2022\/04\/IkonGorselleri-06-SuleymaniyeCamii-1.png 398w, https:\/\/mimarsinan.msgsu.edu.tr\/wp-content\/uploads\/2022\/04\/IkonGorselleri-06-SuleymaniyeCamii-1-150x150.png 150w\" sizes=\"auto, (max-width: 398px) 100vw, 398px\" \/>\t\t\t\t\t\t\n\t\t\t\t\t<\/div>\n\t\t\t\t\t\t<\/a>\t\t\n<style>\n#image_48981500 {\n  width: 70%;\n}\n<\/style>\n\t<\/div>\n\t\n\n\t<div id=\"text-3826084284\" class=\"text\">\n\t\t\n\n<h5 data-line-height=\"xs\"><a href=\"https:\/\/mimarsinan.msgsu.edu.tr\/?page_id=54\"><strong>ETK\u0130NL\u0130K<\/strong><\/a><\/h5>\n<p><span data-text-color=\"primary\" data-line-height=\"xs\">Sempozyum, Panel, Seminer<\/span><\/p>\n<p data-line-height=\"xs\">\u00a0<\/p>\n\t\t\n<style>\n#text-3826084284 {\n  font-size: 0.9rem;\n  line-height: 0.75;\n  text-align: center;\n  color: rgb(6, 3, 141);\n}\n#text-3826084284 > * {\n  color: rgb(6, 3, 141);\n}\n<\/style>\n\t<\/div>\n\t\n\n\t\t<\/div>\n\t\t\t\t\t<\/div>\n\n\t\n\n\t<div id=\"col-2031378526\" class=\"col small-12 large-12\"  >\n\t\t\t\t<div class=\"col-inner\"  >\n\t\t\t\n\t\t\t\n\n<div class=\"is-divider divider clearfix\" style=\"max-width:1200px;height:1px;background-color:rgb(6, 3, 141);\"><\/div>\n\n\n\t\t<\/div>\n\t\t\t\t\t<\/div>\n\n\t\n\n<\/div>\n\n\t\t<\/div>\n\n\t\t\n<style>\n#section_282684656 {\n  padding-top: 0px;\n  padding-bottom: 0px;\n}\n<\/style>\n\t<\/section>\n\t\n<div class=\"row row-small\"  id=\"row-859987621\">\n\n\n\t<div id=\"col-2115184407\" class=\"col small-12 large-12\"  >\n\t\t\t\t<div class=\"col-inner\"  >\n\t\t\t\n\t\t\t\n\n\t<div id=\"text-2699466633\" class=\"text\">\n\t\t\n\n<h4 data-line-height=\"xs\">\u0130leti\u015fim Formu<\/h4>\n\t\t\n<style>\n#text-2699466633 {\n  line-height: 0.75;\n}\n<\/style>\n\t<\/div>\n\t\n\n\t\t<\/div>\n\t\t\t\t\t<\/div>\n\n\t\n\n<\/div>\n\n\n[forminator_form id=&#8221;121&#8243;]\n\n\n\n<p><\/p>\n\n\n\n\n\t<section class=\"section\" id=\"section_1897656545\">\n\t\t<div class=\"section-bg fill\" >\n\t\t\t\t\t\t\t\t\t\n\t\t\t\n\n\t\t<\/div>\n\n\t\t\n\n\t\t<div class=\"section-content relative\">\n\t\t\t\n\n\t<div id=\"gap-1240158407\" class=\"gap-element clearfix\" style=\"display:block; height:auto;\">\n\t\t\n<style>\n#gap-1240158407 {\n  padding-top: 30px;\n}\n<\/style>\n\t<\/div>\n\t\n\n\n\t\t<\/div>\n\n\t\t\n<style>\n#section_1897656545 {\n  padding-top: 30px;\n  padding-bottom: 30px;\n}\n<\/style>\n\t<\/section>\n\t\n\n","protected":false},"excerpt":{"rendered":"","protected":false},"author":17,"featured_media":0,"parent":0,"menu_order":0,"comment_status":"closed","ping_status":"closed","template":"page-transparent-header.php","meta":{"footnotes":""},"class_list":["post-8","page","type-page","status-publish","hentry"],"_links":{"self":[{"href":"https:\/\/mimarsinan.msgsu.edu.tr\/index.php?rest_route=\/wp\/v2\/pages\/8","targetHints":{"allow":["GET"]}}],"collection":[{"href":"https:\/\/mimarsinan.msgsu.edu.tr\/index.php?rest_route=\/wp\/v2\/pages"}],"about":[{"href":"https:\/\/mimarsinan.msgsu.edu.tr\/index.php?rest_route=\/wp\/v2\/types\/page"}],"author":[{"embeddable":true,"href":"https:\/\/mimarsinan.msgsu.edu.tr\/index.php?rest_route=\/wp\/v2\/users\/17"}],"replies":[{"embeddable":true,"href":"https:\/\/mimarsinan.msgsu.edu.tr\/index.php?rest_route=%2Fwp%2Fv2%2Fcomments&post=8"}],"version-history":[{"count":54,"href":"https:\/\/mimarsinan.msgsu.edu.tr\/index.php?rest_route=\/wp\/v2\/pages\/8\/revisions"}],"predecessor-version":[{"id":215,"href":"https:\/\/mimarsinan.msgsu.edu.tr\/index.php?rest_route=\/wp\/v2\/pages\/8\/revisions\/215"}],"wp:attachment":[{"href":"https:\/\/mimarsinan.msgsu.edu.tr\/index.php?rest_route=%2Fwp%2Fv2%2Fmedia&parent=8"}],"curies":[{"name":"wp","href":"https:\/\/api.w.org\/{rel}","templated":true}]}}